2 + o - 2 - f. Suppose -3*s = -9 + 3. Give z(s).
0
Let r(l) be the second derivative of -l**4/6 - l**3/6 - l**2/2 - 2*l. Let z = 9 - 5. Suppose -z*o - 3 = 5. What is r(o)?
-7
Let p(a) be the third derivative of -a**5/60 - a**4/12 - a**3/6 - 21*a**2. Let k(g) = -g**3 + 3*g**2 + 4*g - 3. Let v be k(4). Calculate p(v).
-4
Let w(t) = t**3 - 2*t**2 - 3*t + 3. Let c(l) = -2*l - 2. Let s be c(-2). Let q be -2*(2 + 6/s). Let a be (-12)/q*10/4. Determine w(a).
3
Suppose l + l + f + 20 = 0, -l - 2*f - 4 = 0. Let g = l + 7. Let x(c) = c**2 + 4*c - 2. Determine x(g).
3
Let z be (8/14)/(7/49). Suppose 2*t + 4 = f + 14, 4*t - 20 = -5*f. Let u = t - z. Let n(b) = 8*b**3 - b**2 - b + 1. Calculate n(u).
7
Suppose -3*o = -o + 8. Let w(n) be the third derivative of -n**6/120 - n**5/20 + 5*n**4/24 + n**3/3 + 3*n**2. Calculate w(o).
-2
Let k(g) = -33*g - 8. Let o(c) = 11*c + 3. Let s(w) = -4*k(w) - 11*o(w). Let f be (2 + 6/(-2))*-1. What is s(f)?
10
Suppose -4*w = -t - 18, 2*w - 3*t - 12 = -t. Suppose 2*m + 12 = w. Let q(l) = -l**2 - 6*l - 3. Give q(m).
5
Let l(x) = -4*x - 3*x + 2 - 3. What is l(-1)?
6
Let z = -11 + 7. Let k(h) = h**2 - 7*h - 5. Let x(i) = 5*i**2 - 30*i - 21. Let r(a) = -9*k(a) + 2*x(a). Calculate r(z).
7
Suppose 2 + 7 = 3*t. Let u(l) = l - 6. Determine u(t).
-3
Let t(f) = -6*f**2 + 2*f + 3. Let a(w) = -7*w**2 + 3*w + 4. Let c(l) = -5*a(l) + 6*t(l). What is c(-3)?
-2
Let g be 21 + -19 - 6*1*-1. Let h(i) = -i + 2. Calculate h(g).
-6
Let f(m) = -7*m**2 + 7*m + 1. Let d(i) = -2*i**2 + 1. Let t(s) = -4*d(s) + f(s). Determine t(-6).
-9
Let v(i) = i**3 + 8*i**2 - 7*i + 3. Let f = 34 + -43. Give v(f).
-15
Suppose 0*a + 6 = 2*a. Let z(i) = -a + i + 3*i - i - i**3 + 2*i**2. Suppose 4*d + 2*x - 12 = 0, 0 = -2*d - d - 5*x + 16. Determine z(d).
3
Let y(t) be the first derivative of -t**2/2 + 7*t + 5. Let f be 3 + 4/(-2) + 3. Let z = f - -2. What is y(z)?
1
Let r = 0 + 3. Let b be ((-2)/(-3))/((-1)/(-3)). Let a(z) = 3 - 5 + 4*z - 2 - z**b. Determine a(r).
-1
Let u(m) = 8*m**2 + 4*m - 3. Let f(k) = 8*k**2 + 5*k - 4. Let r(c) = -3*f(c) + 4*u(c). Let h be r(-1). Let j(l) = -h*l**2 - l + 14 - 14. What is j(1)?
-8
Let r = 4 - 1. Suppose 3*g - 5*b = -7, 5*b = -r*g - 11 - 6. Let y(m) = -4*m**2 - m + 11. Let t(z) = -z**2 - z + 1. Let x(h) = -5*t(h) + y(h). Give x(g).
6
Suppose -12 = d - 5*d. Suppose -8*q + d*l = -4*q - 11, -5 = -5*q + 2*l. Let u(n) = -7*n. Calculate u(q).
7
Let f(b) = -4*b**3 + 15*b**2 - 7*b - 13. Let q(h) = 3*h**3 - 10*h**2 + 5*h + 9. Let i(y) = 5*f(y) + 7*q(y). Give i(-5).
-2
Let s(f) = -57*f - 11. Let w(h) = -11*h - 2. Let y(l) = 4*s(l) - 22*w(l). Let z(t) = -t**3 - t**2 + t - 1. Let j be z(0). Give y(j).
-14
Suppose 5*t + 15 = -10. Let z(w) = w**2 + 5*w - 1. What is z(t)?
-1
Let u(a) be the first derivative of a**3/3 - 5*a**2/2 + 3*a - 1. Let j be u(2). Let x(i) = 0 + 5*i + 2 + 4*i**2 - 3*i**3 + 4*i**3 + 0. What is x(j)?
-4
Let r(u) = u**3 + 5*u**2 + 2*u - 1. Let k be (-2 - -1) + 2 - -2. Suppose -3*t = i + k*i + 31, -2*t = 2*i + 18. Give r(i).
7
Let w(x) = -9*x**2 - 5 + 14*x**2 + x**3 - 7*x + 1 - 3. Let h be (-2)/3 + (-48)/9. Calculate w(h).
-1
Let a = -17 - -11. Let j(m) = -m**3 - 7*m**2 - 6*m + 3. What is j(a)?
3
Let k = 21 - 19. Let h be (-30)/k*(-4)/(-12). Let n(a) = -a. What is n(h)?
5
Let p(d) = -6*d + 1. Let w be ((-13)/(-39))/((-2)/6). Calculate p(w).
7
Let b(z) = -4*z - 1. Suppose -3*p - 2 - 10 = 0. Let f(h) = -4*h - 1. Let q(y) = p*f(y) + 3*b(y). Give q(2).
9
Suppose 5*d - 17 = -3*f, 4*f - 17 = -4*d + 3*d. Suppose -f*k - 12 = 5*p - 0*p, 0 = -5*p - k - 3. Let l(z) = -z - 7. Calculate l(p).
-7
Let b = 63 + -61. Let s(l) = l**2 - 5*l + 3. Calculate s(b).
-3
Suppose 0 = 3*z - 4*b, -26 = 5*z - 2*b + 4*b. Let y(c) be the first derivative of c**4/4 + c**3 - 3*c**2/2 - c - 2. What is y(z)?
-5
Suppose -g + 4*g - 6 = 0. Let c(k) = 2*k**3 - 12*k**2 + 5*k + 2. Let h(z) = z**3 - 6*z**2 + 2*z + 1. Let n(t) = g*c(t) - 5*h(t). What is n(6)?
-1
Let c = 22 - 22. Let n(r) = -r - 2. Give n(c).
-2
Let m = 16 - 6. Suppose 4*i - 12 = -2*q, -q + m = i + 1. Suppose 14 = 6*o - o + 3*r, -q = -o + 4*r. Let a(g) = g**2 - 4*g - 1. Give a(o).
-1
Let y(o) be the first derivative of -2*o**2 - 2/3*o**3 - 1 - 4*o. Let p be 2/4*-6*1. Determine y(p).
-10
Let m(s) = -s**2 + s + 1. Let u be 1 - 5/2*-2. Let p(q) = -5*q**2 + 5*q + 16. Let l(n) = u*m(n) - p(n). Let k(t) = -t + 1. Let o be k(1). Calculate l(o).
-10
Let x(q) = -q**2 - 3*q - 2. Let t be (3 - 0)*2/3. Let w be (-5)/(-5) + -1 + t. Suppose -4*p = -3*p + w. Give x(p).
0
Let g(y) = 3*y - 2. Let l be g(2). Suppose -2 = m - 3*d + 5*d, -2*m - 5*d - l = 0. Let u be (-30)/m*(-2)/6. Let r(n) = -n**3 - 4*n**2 + 4*n - 6. Determine r(u).
-1
Let m(f) = -f**2 + 4*f + 1. Let c(z) = -12*z**3 + z**2. Let s be c(-1). Suppose -4*t - g - s = -2*g, -1 = t - g. Let d be ((-6)/t)/(3/10). What is m(d)?
-4
Let j = -18 - -361/20. Let s(d) be the second derivative of 0 + 5/6*d**3 - j*d**5 + 3*d**2 - 1/4*d**4 - 4*d. What is s(-4)?
2
Let j(q) = q**2 + 3*q + 3. Let h be (2/(-4))/((-3)/(-12)). Give j(h).
1
Let q(h) be the second derivative of h**5/120 + h**4/24 - h**3/3 + 2*h. Let l(m) be the second derivative of q(m). Determine l(-2).
-1
Let x(f) = -f**3 + 3*f - 3. Let c(m) = m**3 - 4*m**2 + m + 2. Let n be c(4). Suppose -2*s + 4*p = 12, -5*s + p = -0 - n. Determine x(s).
-5
Let o(u) = -7*u**3 - 3*u**2 + 2*u - 10. Let c(w) = w**2 + w - 1 - 2*w + 4*w**3 + 8 - 2. Let k(q) = 5*c(q) + 3*o(q). Give k(-4).
-9
Suppose 0 = 4*j + 2*z - 56, -2*j + 2*z = j - 42. Let v = j - 13. Let n(h) = h**3 - h**2 - h + 1. Determine n(v).
0
Let i = 4 - 5. Let a be 4 - i/(2/4). Let g(l) = a*l + 11*l - 14*l. What is g(1)?
3
Let i(f) = -4*f**2 - 3*f - 1. Let w be (5/(-10))/((-2)/(-8)). What is i(w)?
-11
Let x(j) = -2*j + 1 + 2 - 1 + j**2 + 2. Let n(m) = -3*m**2 + 5*m - 13. Let z(f) = 2*n(f) + 7*x(f). Give z(3).
-1
Let b be (2 - 3) + 3 + 0. Let o(f) be the second derivative of -f**5/20 + f**4/4 - f**3/3 - f**2 + 6*f. Give o(b).
-2
Let w = 10 + -1. Let o = -4 + w. Let s(z) = -3 - 6*z**2 + o*z**2 + 0*z - 5*z + 9*z. Calculate s(4).
-3
Let o(t) be the second derivative of t**5/20 + 2*t**4/3 + 7*t**3/6 + t**2 + 32*t. What is o(-7)?
2
Let h(s) = 5*s**3 + 4*s**2 - 2*s - 1. Let c(i) = -9*i**3 - 8*i**2 + 3*i + 2. Let x(a) = 4*c(a) + 7*h(a). Suppose 2*v - 1 + 5 = 0. Determine x(v).
-3
Let t = -44 + 43. Let h(p) be the third derivative of 5*p**4/24 - p**3/6 + p**2. Give h(t).
-6
Let j be ((-3)/5)/(27/(-135)). Let a(u) = -u**3 + 4*u**2 - 3*u - 1. Calculate a(j).
-1
Let o = 10 + -7. Let z(y) be the first derivative of -3*y**2/2 + 3*y + 7. Calculate z(o).
-6
Let w(b) = -7*b + 2. Let r(h) = 4*h + 1. Let j(g) = 5*g. Let k(q) = 4*j(q) - 3*r(q). Let z(f) = -6*k(f) - 7*w(f). Give z(-6).
-2
Let o = 4 - 1. Suppose -c + 3*u + 4 = -1, 2*c = -u + o. Let k be c/(2/(-6)*2). Let n(t) = -2*t**2 - 4*t - 1. Calculate n(k).
-7
Let u(y) = y + 1. Let r be u(-7). Let q(i) = i**2 + 2*i - 7. Let f be q(-5). Let k = f + r. Let d(o) = -3*o + 1. Give d(k).
-5
Let r(f) = -2*f - 3. Let k = 7 + -4. Suppose -4*u + 3*u - k = 0, -18 = 3*c + 4*u. Give r(c).
1
Let n(d) = 4*d. Let b(p) = -p. Let i(c) = -10*b(c) - 2*n(c). Give i(3).
6
Let u(j) = 3*j. Let v(b) = -b**3 - 16*b**2 + 18*b + 19. Let o be v(-17). What is u(o)?
6
Let x(a) = -4*a**2 - 7*a - 2. Let l(s) = s**2. Let n(p) = 3*l(p) + x(p). Calculate n(-6).
4
Suppose -2*v - v = -4*j + 3, -5 = -2*v + 5*j. Let p(i) = -i**3 - 5*i**2 - 3*i - 6. Determine p(v).
9
Let q(g) = -g**3 - 4*g**2 + 4*g - 2. Let x = -22 + 17. What is q(x)?
3
Let d(s) = -7*s. Let h be d(-1). Let x(c) = 3*c - h - 4*c + 4*c**2 - 3*c**2. Determine x(0).
-7
Let s(h) = h + 9. Let n be s(-7). Let g(o) = o - 2. Let z(d) = 2*d - 6. Let f(m) = -8*g(m) + 3*z(m). What is f(n)?
-6
Let y be 2/6 + 28/(-12). Suppose -2*u - 2*u = 0. Let q(l) = u*l - l**3 - 4 + 3*l + 6 - 2*l**2. Calculate q(y).
-4
Let v(y) = y - 3. Let c = 2 + -2. Suppose c = -5*h + q + 11, -q + 5 = 4*h + 2*q. Suppose -t - 2*t - 12 = s, -h*s + 31 = -5*t. Determine v(s).
0
Let y(v) = -3*v**3 - v**2 + v + 1. Let o(g) = 10*g**2 + 1. Let s be o(-1). Let t = s - 7. Let q = -5 + t. What is y(q)?
2
Let k(w) = 9*w**2 - 4*w. Let p(z) = 8*z**2 - 3*z - 1. Let q(v) = -3*k(v) + 4*p(v). Let a(n) = -4*n**2 - n + 4. Let j(u) = 6*a(u) + 5*q(u). Give j(6).
4
Suppos